{"id":7506,"date":"2025-03-04T12:44:02","date_gmt":"2025-03-04T09:44:02","guid":{"rendered":"https:\/\/veterineresor.com\/?post_type=product&#038;p=7506"},"modified":"2025-03-04T13:05:52","modified_gmt":"2025-03-04T10:05:52","slug":"barfeed-flaxseed-powder100g","status":"publish","type":"product","link":"https:\/\/veterineresor.com\/?product=barfeed-flaxseed-powder100g","title":{"rendered":"BARFeed Flaxseed Powder\u00ae100g"},"content":{"rendered":"<p><b>\u00c7al\u0131\u015fmalar, Keten Tohumunun<\/b> iyi ba\u011f\u0131rsak ve kardiyovask\u00fcler sa\u011fl\u0131\u011f\u0131 destekledi\u011fini do\u011frulamaktad\u0131r . Y\u00fcksek lignan i\u00e7eri\u011fine sahip olmas\u0131n\u0131n yan\u0131 s\u0131ra\u00a0<b>Keten Tohumu<\/b>\u00a0ayr\u0131ca anti-viral, anti-bakteriyel ve anti-t\u00fcm\u00f6r \u00f6zelliklere sahiptir.<\/p>\n<p>Taze\u00a0<b>\u00d6\u011f\u00fct\u00fclm\u00fc\u015f Keten Tohumu<\/b>\u00a0, herhangi bir hayvan sa\u011fl\u0131\u011f\u0131 program\u0131n\u0131n olmazsa olmaz\u0131d\u0131r.\u00a0<strong>\u00d6\u011f\u00fct\u00fclm\u00fc\u015f Keten Tohumumuz<\/strong>\u00a0,\u00a0bir\u00e7ok \u00f6nemli besin maddesini i\u00e7eren do\u011fal ve organiktir.\u00a0H\u00fccre zarlar\u0131nda yap\u0131 ta\u015flar\u0131 olarak hareket ederek sa\u011fl\u0131\u011f\u0131n korunmas\u0131 i\u00e7in gerekli olan Omega-3 ve 6, esansiyel ya\u011f asitleri (EFA\u2019lar) dahil olmak \u00fczere \u00f6nemli bir \u00e7oklu doymam\u0131\u015f ya\u011f asitleri kayna\u011f\u0131d\u0131r.\u00a0EFA\u2019lar ayr\u0131ca enerji metabolizmas\u0131 i\u00e7in gerekli olan hormon benzeri maddelerin \u00fcretimine de yard\u0131mc\u0131 olur.\u00a0\u00a0<b>\u00d6\u011f\u00fct\u00fclm\u00fc\u015f Keten Tohumu<\/b>\u00a0, fazla kalorileri ve ya\u011flar\u0131 yakmak i\u00e7in metabolizmay\u0131 h\u0131zland\u0131racakt\u0131r.<\/p>\n<p>Ayr\u0131ca fenolik asitler, hemisel\u00fclozlar ve antioksidan g\u00f6revi g\u00f6ren fitobesinler olan \u00e7ok y\u00fcksek seviyelerde lignanlar\u0131n\u00a0yan\u0131 s\u0131ra protein, m\u00fcsilaj ve kalsiyum, bak\u0131r, demir, magnezyum, manganez, fosfor, potasyum gibi mineraller\u00a0<b>Keten Tohumunda<\/b>\u00a0bulunur. , sodyum ve \u00e7inkonun yan\u0131 s\u0131ra di\u011fer bir\u00e7ok eser mineral.<\/p>\n<p>Taze\u00a0<b>\u00d6\u011f\u00fct\u00fclm\u00fc\u015f Keten Tohumu<\/b>\u00a0\u015funlar\u0131 i\u00e7erir:<\/p>\n<ul>\n<li>%9 doymu\u015f ya\u011f asitleri<\/li>\n<li>%18 Oleik asit<\/li>\n<li>%16 Omega-6<\/li>\n<li>%57 Omega-3.<\/li>\n<li>C vitamini<\/li>\n<li>Vitaminler B1, B2, Niasin, B6,<\/li>\n<li>Pantotenik asit<\/li>\n<li>Folik asit<\/li>\n<li>biyotin<\/li>\n<\/ul>\n<p><b>\u00d6\u011f\u00fct\u00fclm\u00fc\u015f Keten Tohumu<\/b>\u00a0, b\u00fct\u00fcn keten tohumlar\u0131ndan daha fazla besinsel fayda sa\u011flar.\u00a0Bunun nedeni, keten tohumlar\u0131n\u0131n \u00e7ok sert olmas\u0131 ve dikkatlice \u00e7i\u011fnendi\u011finde bile k\u0131r\u0131lmalar\u0131n\u0131 zorla\u015ft\u0131rmas\u0131d\u0131r, bu nedenle b\u00fct\u00fcn olarak beslenirlerse v\u00fccuttan b\u00fct\u00fcn olarak ve sindirilmeden ge\u00e7erler.\u00a0Keten tohumlar\u0131n\u0131 \u00f6\u011f\u00fctmek onlar\u0131 par\u00e7alayarak sindirilmelerini \u00e7ok daha kolayla\u015ft\u0131r\u0131r.\u00a0O zaman hayvan t\u00fcm bu keten tohumu iyili\u011finden faydalanabilir.<\/p>\n<p><strong>Besleme \u00f6nerisi:<\/strong><br \/>\nKedi ve k\u00f6pek yavrular\u0131: 1 ka\u015f\u0131k<br \/>\n10 kg alt\u0131nda kedi ve k\u00f6pek yavrular\u0131: 2 ka\u015f\u0131k<br \/>\nK\u00f6pek 9-13 kg aras\u0131:2,5 ka\u015f\u0131k<br \/>\nK\u00f6pek 13-18 kg aras\u0131:3 ka\u015f\u0131k<br \/>\nK\u00f6pek 18-23 kg aras\u0131:3,5 ka\u015f\u0131k<br \/>\nveya Veteriner hekiminizin \u00f6nerdi\u011fi \u015fekilde.<br \/>\n(1000 mg = 1 \u00f6l\u00e7\u00fc ka\u015f\u0131\u011f\u0131)<\/p>\n<p><strong>Ambalaj:<\/strong>\u00a0120g toz haz\u0131rlama ve ekli \u00f6l\u00e7\u00fc ka\u015f\u0131\u011f\u0131 ile polietilen \u015fi\u015fe.<\/p>\n<p>BU B\u0130R \u0130LA\u00c7 DE\u011e\u0130L, YEM KATKISIDIR (PREM\u0130KS). TEDAV\u0130 AMA\u00c7LI KULLANILMAZ.<\/p>\n","protected":false},"excerpt":{"rendered":"<h3 class=\"content--title\">UYGUN T\u00dcRLER:<img decoding=\"async\" class=\"alignnone wp-image-7162\" src=\"https:\/\/naturelvet.com\/wp-content\/uploads\/2023\/03\/kopek-ikili-1.png\" alt=\"\" width=\"70\" height=\"32\" \/><\/h3>\n<ul>\n<li>Omega 3-6 kayna\u011f\u0131<\/li>\n<li>Vitamin ve mineraller<\/li>\n<li>Musilaj deste\u011fi<\/li>\n<\/ul>\n","protected":false},"featured_media":7507,"template":"woocommerce\/single-product-layout2.php","meta":[],"product_brand":[76],"product_cat":[15,75],"product_tag":[77,79,86,91,80,81,82,90,84],"class_list":{"0":"post-7506","1":"product","2":"type-product","3":"status-publish","4":"has-post-thumbnail","6":"product_brand-vetcare","7":"product_cat-genel","8":"product_cat-barfeed","9":"product_tag-barf-diyet-urunleri","10":"product_tag-ecopur","11":"product_tag-eklem","12":"product_tag-flaxseed","13":"product_tag-kedi","14":"product_tag-kopek","15":"product_tag-naturelvet","16":"product_tag-omega3-6","17":"product_tag-vetcare","19":"first","20":"instock","21":"shipping-taxable","22":"purchasable","23":"product-type-simple"},"_links":{"self":[{"href":"https:\/\/veterineresor.com\/index.php?rest_route=\/wp\/v2\/product\/7506","targetHints":{"allow":["GET"]}}],"collection":[{"href":"https:\/\/veterineresor.com\/index.php?rest_route=\/wp\/v2\/product"}],"about":[{"href":"https:\/\/veterineresor.com\/index.php?rest_route=\/wp\/v2\/types\/product"}],"wp:featuredmedia":[{"embeddable":true,"href":"https:\/\/veterineresor.com\/index.php?rest_route=\/wp\/v2\/media\/7507"}],"wp:attachment":[{"href":"https:\/\/veterineresor.com\/index.php?rest_route=%2Fwp%2Fv2%2Fmedia&parent=7506"}],"wp:term":[{"taxonomy":"product_brand","embeddable":true,"href":"https:\/\/veterineresor.com\/index.php?rest_route=%2Fwp%2Fv2%2Fproduct_brand&post=7506"},{"taxonomy":"product_cat","embeddable":true,"href":"https:\/\/veterineresor.com\/index.php?rest_route=%2Fwp%2Fv2%2Fproduct_cat&post=7506"},{"taxonomy":"product_tag","embeddable":true,"href":"https:\/\/veterineresor.com\/index.php?rest_route=%2Fwp%2Fv2%2Fproduct_tag&post=7506"}],"curies":[{"name":"wp","href":"https:\/\/api.w.org\/{rel}","templated":true}]}}