{"id":7515,"date":"2025-03-04T13:40:54","date_gmt":"2025-03-04T10:40:54","guid":{"rendered":"https:\/\/veterineresor.com\/?post_type=product&#038;p=7515"},"modified":"2025-03-04T13:43:13","modified_gmt":"2025-03-04T10:43:13","slug":"barfeed-hemp-seed-powder300g","status":"publish","type":"product","link":"https:\/\/veterineresor.com\/?product=barfeed-hemp-seed-powder300g","title":{"rendered":"BARFeed Hemp seed Powder\u00ae300g"},"content":{"rendered":"<p>Kediler ve k\u00f6pekler i\u00e7in tamamlay\u0131c\u0131 yem<br \/>\n\u00d6\u011f\u00fct\u00fclm\u00fc\u015f kenevir , kenevir bitkisinin tohumlar\u0131ndan elde edilen do\u011fal bir bitkisel tozdur (Cannabis sativa). Bununla birlikte, herhangi zarar verici madde i\u00e7ermez. Kenevir tozu, y\u00fcksek oranda esansiyel ya\u011f asitleri i\u00e7eri\u011fine sahiptir, \u00f6rn. Linoleik asit (omega-6) ve alfa-linolenik asit (omega-3) ve omega-9 bu nedenle evcil hayvanlar\u0131n takviyesi i\u00e7in uygundur. De\u011ferli hayati maddeleri ile \u00f6zellikle \u00e7i\u011f etle beslenen k\u00f6pekler ve kediler i\u00e7in vazge\u00e7ilmezdir (BARF).<\/p>\n<p>Do\u011fal olarak m\u00fckemmel Omega 6 \u2013 Omega 3 oran\u0131na (3: 1) sahip oldu\u011funuz ya\u011f asitleri k\u00f6pek ve kedi ihtiyac\u0131 var. Kenevir tohumu\u00a0 Omega 6 (linoleik asit), Omega 3 (linolenik asit), Omega 9 (oleik asit), GLA (gama linolenik asit) ve steridonik asit i\u00e7erir. Kenevir tohumu, toksinlerin yutulmas\u0131 tehlikesi olmadan bal\u0131k ya\u011f\u0131 ile ayn\u0131 yararlar\u0131 sa\u011flar. \u00d6\u011f\u00fct\u00fclm\u00fc\u015f kenevir tohumu, bir k\u00f6pe\u011fin ve kedinin cildini ve k\u00fcrk\u00fcn\u00fc nemlendirir.<\/p>\n<p>Not: Organik \u00f6\u011f\u00fct\u00fclm\u00fc\u015f kenevir tozu yabanc\u0131 herhangi bir madde \u0130\u00c7ERMEZ. Serin, kuru ve karanl\u0131k bir saklama yeri tavsiye edilir.<\/p>\n<p><strong>Besleme \u00f6nerisi:<\/strong><br \/>\nKedi ve k\u00f6pek yavrular\u0131: 1 ka\u015f\u0131k<br \/>\n10 kg alt\u0131nda kedi ve k\u00f6pek yavrular\u0131: 2 ka\u015f\u0131k<br \/>\nK\u00f6pek 9-13 kg aras\u0131:2,5 ka\u015f\u0131k<br \/>\nK\u00f6pek 13-18 kg aras\u0131:3 ka\u015f\u0131k<br \/>\nK\u00f6pek 18-23 kg aras\u0131:3,5 ka\u015f\u0131k<br \/>\nveya Veteriner hekiminizin \u00f6nerdi\u011fi \u015fekilde.<br \/>\n(1000 mg = 1 \u00f6l\u00e7\u00fc ka\u015f\u0131\u011f\u0131)<\/p>\n<p>Not: Sedatif etkinli\u011fi yoktur, herhangi bir yabanc\u0131 madde i\u00e7ermez.<\/p>\n<p>BU B\u0130R \u0130LA\u00c7 DE\u011e\u0130L, YEM KATKISIDIR (PREM\u0130KS). TEDAV\u0130 AMA\u00c7LI KULLANILMAZ.<\/p>\n","protected":false},"excerpt":{"rendered":"<h3 class=\"content--title\">UYGUN T\u00dcRLER:<img decoding=\"async\" class=\"alignnone wp-image-7162\" src=\"https:\/\/naturelvet.com\/wp-content\/uploads\/2023\/03\/kopek-ikili-1.png\" alt=\"\" width=\"70\" height=\"32\" \/><\/h3>\n<ul class=\"is--checklist\">\n<li>Ba\u011f\u0131\u015f\u0131kl\u0131k sisteminin do\u011fal bak\u0131m sa\u011flar.<\/li>\n<li>Deri &amp; T\u00fcy bak\u0131m\u0131 sa\u011flar.<\/li>\n<li>Sindirebilirli\u011fi kolayla\u015ft\u0131r\u0131r, sindirim sistemini destekler.<\/li>\n<li>Organizma ve t\u00fcm metabolizma \u00fczerinde destekleyici bir etkiye sahiptir<\/li>\n<\/ul>\n","protected":false},"featured_media":7516,"template":"woocommerce\/single-product-layout2.php","meta":[],"product_brand":[76],"product_cat":[15,75],"product_tag":[77,79,86,92,80,81,82,90,84],"class_list":{"0":"post-7515","1":"product","2":"type-product","3":"status-publish","4":"has-post-thumbnail","6":"product_brand-vetcare","7":"product_cat-genel","8":"product_cat-barfeed","9":"product_tag-barf-diyet-urunleri","10":"product_tag-ecopur","11":"product_tag-eklem","12":"product_tag-hempseed","13":"product_tag-kedi","14":"product_tag-kopek","15":"product_tag-naturelvet","16":"product_tag-omega3-6","17":"product_tag-vetcare","19":"first","20":"instock","21":"shipping-taxable","22":"purchasable","23":"product-type-simple"},"_links":{"self":[{"href":"https:\/\/veterineresor.com\/index.php?rest_route=\/wp\/v2\/product\/7515","targetHints":{"allow":["GET"]}}],"collection":[{"href":"https:\/\/veterineresor.com\/index.php?rest_route=\/wp\/v2\/product"}],"about":[{"href":"https:\/\/veterineresor.com\/index.php?rest_route=\/wp\/v2\/types\/product"}],"wp:featuredmedia":[{"embeddable":true,"href":"https:\/\/veterineresor.com\/index.php?rest_route=\/wp\/v2\/media\/7516"}],"wp:attachment":[{"href":"https:\/\/veterineresor.com\/index.php?rest_route=%2Fwp%2Fv2%2Fmedia&parent=7515"}],"wp:term":[{"taxonomy":"product_brand","embeddable":true,"href":"https:\/\/veterineresor.com\/index.php?rest_route=%2Fwp%2Fv2%2Fproduct_brand&post=7515"},{"taxonomy":"product_cat","embeddable":true,"href":"https:\/\/veterineresor.com\/index.php?rest_route=%2Fwp%2Fv2%2Fproduct_cat&post=7515"},{"taxonomy":"product_tag","embeddable":true,"href":"https:\/\/veterineresor.com\/index.php?rest_route=%2Fwp%2Fv2%2Fproduct_tag&post=7515"}],"curies":[{"name":"wp","href":"https:\/\/api.w.org\/{rel}","templated":true}]}}